3 - i + 1. Let j(f) = 7*f**3 - f + 4. Let m(q) = 2*j(q) - 5*s(q). Determine m(-2).
5
Let o(y) = 3*y + 6. Let n(l) = l**2 + 9*l + 17. Let h be (-2 - (-4 + 1)) + -8. Let m be n(h). Suppose 19 = -m*k + 2*s + 3, 3*s - 10 = k. Calculate o(k).
-6
Let v = 2 + 3. Suppose v*d - 3 = 17. Let i(g) = -2*g - 3*g**2 - d*g + g**3 + 6*g**2 - g. What is i(-5)?
-15
Let c(q) = -q**3 - 8*q**2 - 5*q + 8. Suppose -4*y = -6*y + 32. Suppose 0 = -d - 3*m - y, 3*m - 15 = 3*d - 3. Let x be -3 + (d - (-3)/1). Determine c(x).
-6
Let k(t) be the first derivative of 5*t**2/2 + 20*t - 364. What is k(-6)?
-10
Let a(b) = -2*b - 22. Let g be a(-8). Let o(j) = -4*j - 3*j - 7 + 5*j - 2. Calculate o(g).
3
Let v(q) = -q**3 - q - 1. Let d(g) = 4*g**3 + g**2. Let s(h) = -d(h) - 3*v(h). Let b be s(-2). Let l(x) = -14*x + 1. Give l(b).
-13
Suppose -5*z = 4*o + 1, 0 = z + 3*z - 5*o + 9. Let b(r) be the second derivative of -1/3*r**4 + 0*r**3 + 1/2*r**2 - 2*r + 0. Calculate b(z).
-3
Let f(l) be the second derivative of -l**4/12 + l**3 - l**2 - l. Let k(g) = g**2 - 30*g + 195. Let a be k(9). Determine f(a).
-2
Suppose -2*l + u = -8, -u = -5*l + 2*u + 20. Let b be ((-1)/(3/3))/(4/28). Let c be (l + -3)*1 + b. Let z(p) = p**2 + 8*p. Give z(c).
-12
Let c(b) = 9*b**3 + 0*b - 4*b**2 + b - 4*b - 41*b**3 + 33*b**3 - 3. Let i = -4 + 8. Give c(i).
-15
Let k(d) = 2*d + 5. Let p(q) = -q**3 - 16*q**2 + q + 21. Let u be p(-16). Suppose -5*b + u*i - 55 = 0, 4*b + 5 + 27 = i. Calculate k(b).
-9
Suppose -9*t = -7*t. Let x(r) = -1 + 0 + t - 6*r. Let a = -9 + 10. Calculate x(a).
-7
Let z(l) = l**3 - 5*l**2 + 2*l + 1. Let j be z(4). Let y(c) = -4*c - 174. Let p(d) = 3*d + 116. Let b(x) = 3*p(x) + 2*y(x). What is b(j)?
-7
Let o be 50 + 1/(3/(-6)). Let x be o/30 + 4/10. Let s(y) be the second derivative of y**3/2 - y**2 - 4*y. Determine s(x).
4
Let f(d) = 9*d + 2. Let w be f(-1). Let m = 3 + w. Let t(s) be the third derivative of -s**6/120 - s**5/12 - 5*s**4/24 - s**3/6 + 6*s**2. Determine t(m).
3
Let z(l) = -l**2 + 4*l + 2. Let c(w) = -6*w**2 - 6*w + 5. Let b be c(3). Let t = b + 71. Calculate z(t).
2
Suppose -5*h + 9 = -136. Suppose 0 = -h*n + 25*n - 32. Let f = n - -13. Let z(d) = -d**2 + 8*d + 4. Give z(f).
19
Suppose 9*g + 352 = -28*g + 5*g. Let f(i) = i**3 - i - 7*i**2 - 2*i**3 - 4*i**2 - 9. Calculate f(g).
2
Let g(h) be the third derivative of -16*h**2 + 2/3*h**3 + 0 + 0*h - 1/12*h**4. Calculate g(3).
-2
Let k(i) = -10*i - 4. Let y(q) = -3*q - 1. Let d(a) = -5*k(a) + 16*y(a). Suppose 19*l - 3*l = -48. What is d(l)?
-2
Suppose 10*b = 22*b + 36. Let u(z) = -z**2 + z + 7. Calculate u(b).
-5
Let s(r) = r. Let m(i) = -4*i**2 - 4*i + 4. Let z(t) = -m(t) - 3*s(t). Let f be z(2). Let x(k) = -f + k**3 - 9*k**2 + 10*k + 9 - 5. What is x(8)?
6
Suppose 4*d + m - 30 = -9, -4*m + 8 = -3*d. Suppose d*t - 18 - 6 = 0. Let o(b) = -7*b - 14. Let f(i) = 11*i + 21. Let r(j) = 5*f(j) + 8*o(j). Calculate r(t).
-13
Let p(n) = 11*n. Let l(x) = 12*x + 2. Let f(c) = -1. Let d(k) = -2*f(k) - l(k). Let b = -8 + 13. Let m(v) = b*d(v) + 6*p(v). Determine m(-1).
-6
Let p(g) be the second derivative of g**5/20 - g**4/4 - 5*g**3/6 + 5*g**2/2 - 10*g. Let r(t) = t**3 - 3*t**2 - 6*t + 6. Let l(s) = 4*p(s) - 3*r(s). Give l(3).
-4
Let y(r) = r**3 - 5*r**2 + 2*r + 5. Suppose -2*u + 0*u = -130. Let a = u + -41. Suppose 0 = 4*h - a + 8. Calculate y(h).
-3
Let x = -18 + 20. Suppose 5*q + 15 = x*q. Let o(m) = m + 3. Give o(q).
-2
Let k(s) = 6*s**3 + 16 - 3*s**3 - 12*s**2 - 2*s**3 - 10. Calculate k(12).
6
Let x = -280 + 278. Let f(a) = a + 8. Give f(x).
6
Let t(r) = 1 + 3 + 5 - 11 + 1 + r**2. Determine t(1).
0
Let t(j) = -2*j + 32. Let f(n) = 2*n + 20. Let z be f(-3). Determine t(z).
4
Let h(w) = -3*w**2 - 16 + 2*w**2 - 2*w**2 - 10*w - 16*w. Calculate h(-8).
0
Let q = -18 + 20. Let k(h) = -7 + 10 + 3*h**2 + h**3 - 4*h**q - h. Give k(3).
18
Let u be -1 - ((-5)/1 - 1). Suppose 0 = u*z - 4*z - 11. Let q(d) = -d**2 + 10*d + 6. Let w be q(z). Let l(v) = v**3 + 4*v**2 - 4*v + 2. Give l(w).
-3
Let x(s) = -s**2 - 6*s + 30. Let w be x(-11). Let m(a) = -a - 32. Calculate m(w).
-7
Let p(u) = -3*u**2 - 2*u - 1. Let t = -141 - -61. Let z be (-2)/11 + (t/(-11))/(-4). Calculate p(z).
-9
Let w(n) = n. Let v(q) = -q**3 - 8*q**2 - 3*q - 18. Let h be v(-8). Calculate w(h).
6
Let o(t) = -t**2 + 7*t. Let c = -68 - -72. What is o(c)?
12
Let n(x) = -9 - 5 + x - 5*x - x**3 - 5*x**2 + 2*x + 4. Determine n(-5).
0
Let i(u) be the first derivative of 1/3*u**3 + 3*u**2 + 3 + 0*u. Give i(-5).
-5
Suppose -3*t - 1 = -4*t - x, 4 = x. Let k(b) = b**3 + 6*b**2 + 5*b + 2. Let h(c) = 2*c**3 + 13*c**2 + 11*c + 4. Let z(g) = 2*h(g) - 5*k(g). Give z(t).
-2
Suppose -12 = 6*z - 3*z, 5*o = -z + 16. Let v(i) be the second derivative of -5/6*i**3 + 4*i + 3/2*i**2 + 0 + 5/12*i**4 - 1/20*i**5. What is v(o)?
-1
Let c be 1/(-4) - 2050/(-200). Let b(l) = l**2 - 9*l - 9. Calculate b(c).
1
Let j(n) = 11*n**3 - 4*n**2 - 9*n + 10. Let t(q) = q**2 + 2*q - 2. Let w(o) = j(o) + 5*t(o). Give w(1).
13
Let a = 2/23 - -17/69. Let h(p) be the first derivative of -a*p**3 + 1/2*p**2 + 10*p - 3. Give h(0).
10
Let a(t) = -6*t - 1170*t**3 - t + t**2 + 1 + 1171*t**3. Calculate a(-5).
-64
Let p be (-1 + 1)/(25 - 26). Let m(y) be the second derivative of p - 4*y + 1/12*y**4 + 0*y**2 - 1/6*y**3 + 1/5*y**5. Give m(1).
4
Let b = 132 - 132. Let w be (-6)/(-18)*0 - b. Let r(u) be the second derivative of u**4/12 - u**3/6 - 13*u**2/2 + u. What is r(w)?
-13
Let n = 0 + 5. Let k(t) = t**2 + 5*t + 5. Let c(m) = 2*m**2 + 6*m + 5. Let l be ((-6)/8)/((-18)/48). Let z(r) = l*c(r) - 3*k(r). Give z(n).
5
Let t(f) = f**2 + 12*f + 1. Let b be t(-12). Let y be 1/3 - (-16)/6. Let s(l) = 1 - b + 0 - y - l. Determine s(-2).
-1
Let w(b) be the third derivative of b**7/840 + b**5/120 - b**4/6 + 25*b**3/6 - 28*b**2. Let t(u) be the first derivative of w(u). What is t(0)?
-4
Let c(a) = -a - 1. Let j(z) = z**2 - 18*z + 14. Let h(r) = -c(r) + j(r). Let l be h(16). Let s(k) = 5*k + 1. Calculate s(l).
-4
Let d(l) = -4*l**2 + 2*l - 2. Suppose 3*j = -3, -j - 3 = -3*p + 1. Let m be d(p). Let y(x) = 6*x - 3. Calculate y(m).
-27
Let c(a) = a**3 - 5*a**2 - 6*a - 2. Let x(p) = -p**3 + 2*p**2 + p + 23. Let o be x(0). Suppose 4*w - s = o, -6*w + 3*w + s = -17. Calculate c(w).
-2
Let t(g) = 6*g + 7. Let y be 9/(-11 - -12) - 1*3. Calculate t(y).
43
Let w be (1 + 1 - 1)*(-350)/(-14). Suppose -3*n + w = 2*n. Let g(f) be the first derivative of -f**3/3 + 5*f**2/2 + 3*f + 1. Give g(n).
3
Let v be (5/(-15) + 1)*3. Suppose -2*i + i = 2*r - 6, v*i = -5*r + 17. Let l(a) = 6*a + 0 - 5 - 8*a**2 + r + 1 + a**3. Calculate l(7).
-6
Let u(d) be the first derivative of -d**2/2 + 4*d - 320. Calculate u(-7).
11
Let y(h) = -h**3 - 13*h**2 + 13*h + 1. Let m be y(1). Let q(c) = c**2 + c - 16. What is q(m)?
-16
Let j = -787 + 798. Let l(s) = s**2 - 6*s - 7. Give l(j).
48
Let v(s) = 1. Let k(g) = -g + 10. Let m(t) = -k(t) - 2*v(t). Let b be (-8)/(-20)*(13 + 2). Let d be ((-16)/b + 0)*-3. Determine m(d).
-4
Let l(u) = -u**2 + 11*u + 17*u**3 - 15 + 20*u**3 - 10*u**2 + 0*u**2 - 38*u**3. Determine l(-12).
-3
Let b(u) = 2*u**3 - 9*u**2 - 14*u - 17. Let t(k) = k**3 - 4*k**2 - 7*k - 8. Let w = -124 - -127. Let h(o) = w*b(o) - 5*t(o). Give h(8).
-3
Let f(r) = 9*r**3 - 3*r**2 + 12*r + 3. Let i(j) = -4*j**3 + 2*j**2 - 7*j - 2. Let x(u) = 3*f(u) + 5*i(u). Suppose 4*p = -1 + 5, 4*p = -5*z + 9. Give x(z).
8
Let w(u) be the third derivative of u**8/6720 - u**7/420 - u**6/80 - 7*u**5/120 - 7*u**4/24 + 34*u**2. Let g(q) be the second derivative of w(q). Give g(7).
-21
Let h(m) = 2*m + 93. Let t be h(-45). Let w(k) = -k**3 + 2*k**2 - k - 4. Determine w(t).
-16
Let z(n) be the first derivative of n**2/2 - 3*n - 24. Suppose -2*j - 4*y = -12, -3*j = -j - 4*y + 12. Suppose -4*p + 2*p + 10 = j. Determine z(p).
2
Let c(n) = -n + 20. Suppose 0 = 3*m + 4*s - 35 + 1, -5*s - 45 = -5*m. Calculate c(m).
10
Let w(h) be the third derivative of h**5/12 + h**3/6 - h**2. Let f = 4 + -3. Suppose 0 = -p + f, -5*p = 4*u - 2*p - 7. What is w(u)?
6
Let f(l) = l**2 - 8*l - 3. Let w = -39 - -53. Let i = w - 10. Determine f(i).
-19
Let a(i) be the first derivative of 5*i**2/2 + 2*i + 36. Suppose 2*s + 4 + 2 = 0. Determine a(s).
-13
Let t = 270 + -266. Let n(f) = 3*f**2 - 5*f - 2. Give n(t).
26
Suppose -5*w = -27 